1 + -212?
-1010200
In base 11, what is 733aa - 7?
733a3
In base 11, what is -4 - -3013?
300a
In base 12, what is 2a7b6 + -12?
2a7a4
In base 4, what is 3 - -23130?
23133
In base 12, what is -383 + -3864?
-4027
In base 5, what is 234 - 1024424?
-1024140
In base 12, what is 4 - -199b4?
199b8
In base 8, what is 4 - 2126264?
-2126260
In base 6, what is 3134 + -121?
3013
In base 6, what is -1 + -53225?
-53230
In base 14, what is -6 + 67b1?
67a9
In base 12, what is 53a - -aa?
628
In base 6, what is 5 - 134054?
-134045
In base 11, what is -3 - -59153?
59150
In base 10, what is -1136 + 6?
-1130
In base 6, what is -20 - -12143?
12123
In base 13, what is -2b23 - 4?
-2b27
In base 8, what is -36 + -147613?
-147651
In base 14, what is 4231 - 7?
4228
In base 3, what is -11220101 + -112?
-11220220
In base 11, what is -6727 - -7?
-6720
In base 4, what is -3 + -2312133?
-2312202
In base 4, what is 203000 + 23?
203023
In base 12, what is -7a + -337?
-3b5
In base 5, what is 2132 + 3?
2140
In base 8, what is 61 + 15137?
15220
In base 2, what is -101 + -110100001011000?
-110100001011101
In base 4, what is 1210 + 301?
2111
In base 9, what is 6 + -8315?
-8308
In base 9, what is 357 - 1511?
-1143
In base 14, what is -328 + 10?
-318
In base 4, what is 313022 - -130?
313212
In base 11, what is 6 - -3662?
3668
In base 9, what is -3 + -2801?
-2804
In base 2, what is -1110101001001011 - -100?
-1110101001000111
In base 13, what is 32366 - -b?
32374
In base 8, what is -166 - 1007?
-1175
In base 6, what is -1 - 343410?
-343411
In base 11, what is -12 + 18355?
18343
In base 2, what is -1101101 + 111111101101?
111110000000
In base 6, what is -204355 + -13?
-204412
In base 14, what is -11c90a - 0?
-11c90a
In base 3, what is -1012001 - 2001?
-1021002
In base 3, what is -11111 + 1112200?
1101012
In base 3, what is 1 + -1001020021?
-1001020020
In base 10, what is -817 + 250?
-567
In base 9, what is -34658 + 25?
-34633
In base 11, what is 148465 - 1?
148464
In base 6, what is -53421 - 100?
-53521
In base 15, what is 28 + 1184e?
11877
In base 3, what is 10 - -10121101202?
10121101212
In base 10, what is -24188 + 6?
-24182
In base 15, what is 8ecb + 3?
8ece
In base 5, what is 1340 + -30043?
-23203
In base 14, what is 1d - -a57?
a76
In base 16, what is 7a588 + 1?
7a589
In base 6, what is 1504 + -423?
1041
In base 7, what is -40403 - -2?
-40401
In base 11, what is 1 + 3443?
3444
In base 13, what is a4 + -44?
60
In base 2, what is 1010001101101111101 + 11?
1010001101110000000
In base 16, what is 12 + -67ca?
-67b8
In base 7, what is 360650 + -2?
360645
In base 16, what is 2c + bbfb?
bc27
In base 9, what is -1002880 - 4?
-1002884
In base 11, what is -3 - 29043?
-29046
In base 2, what is 110011110011 + 110010111?
111010001010
In base 9, what is -414022 + -1?
-414023
In base 3, what is 11 + -1021012122?
-1021012111
In base 12, what is -45 + b98?
b53
In base 9, what is 62 - -2566?
2638
In base 8, what is -227211 - 7?
-227220
In base 11, what is -66044 + 1?
-66043
In base 11, what is 3 + 10006?
10009
In base 15, what is -a734 - -7?
-a72c
In base 14, what is -2a425 + 6?
-2a41d
In base 5, what is 2 + -121402403?
-121402401
In base 14, what is -56 - -328?
2b2
In base 16, what is -23fb + a8?
-2353
In base 4, what is 1003 - 2131?
-1122
In base 13, what is -1252 - 17?
-1269
In base 2, what is 10 + 100101010110011100?
100101010110011110
In base 3, what is 1020010 + -202?
1012101
In base 7, what is 303 + -15666?
-15363
In base 7, what is 216 - -40113?
40332
In base 2, what is -100011011100011000 - -10?
-100011011100010110
In base 10, what is -20157 - 7?
-20164
In base 16, what is 128c + -12?
127a
In base 6, what is 113 + 2504?
3021
In base 5, what is -104004213 + -3?
-104004221
In base 16, what is -25e + -a?
-268
In base 2, what is -10 - -10011111101111010?
10011111101111000
In base 16, what is 1 + -5c3b?
-5c3a
In base 16, what is 2335 - -9?
233e
In base 10, what is -40 - -802?
762
In base 3, what is -11 + 200010201?
200010120
In base 3, what is 200 - 1102021?
-1101121
In base 13, what is 960 + 26?
986
In base 8, what is 0 - 144471?
-144471
In base 10, what is -19027 - -32?
-18995
In base 15, what is -40a - -10?
-3ea
In base 5, what is 0 + 230232202?
230232202
In base 9, what is 344 - 838?
-484
In base 4, what is 1 - 32123231?
-32123230
In base 11, what is -30124 - 3?
-30127
In base 16, what is -795b4 + -5?
-795b9
In base 8, what is -23 - -302?
257
In base 3, what is 20002110010 - 11?
20002102222
In base 6, what is 1335055 - 1?
1335054
In base 11, what is -3 + -5851a6?
-5851a9
In base 15, what is -3 - -6d7d?
6d7a
In base 15, what is 0 - 110b53?
-110b53
In base 9, what is -5 - -4010651?
4010645
In base 12, what is 4 - -602292?
602296
In base 14, what is 97b1 - 3?
97ac
In base 4, what is -12 + 10000331101?
10000331023
In base 8, what is -6411 - 206?
-6617
In base 10, what is 19 + -7422?
-7403
In base 12, what is 62974 + 4?
62978
In base 9, what is 145 - -73?
228
In base 3, what is 10122111 + -221010?
2201101
In base 13, what is 9378 - -6?
9381
In base 15, what is 14 - 28d4?
-28c0
In base 15, what is 1661 + -4?
165c
In base 9, what is -36362 - -5?
-36356
In base 5, what is -2 + 21210303?
21210301
In base 12, what is 2a8 - -212?
4ba
In base 3, what is -10222020021 - -11021?
-10222002000
In base 13, what is -5 + -30029?
-30031
In base 3, what is -12110 - -1000001011?
222211201
In base 2, what is 100010110100101 + 0?
100010110100101
In base 4, what is 10 - -211231002?
211231012
In base 12, what is 14371 + 5?
14376
In base 16, what is -6 - -90f6?
90f0
In base 11, what is -503 + -6?
-509
In base 12, what is b1 + -9a4?
-8b3
In base 13, what is 8 + 8285?
8290
In base 12, what is -a - 2334aa?
-2334b8
In base 15, what is -4e283 + -3?
-4e286
In base 8, what is 41321 - 5?
41314
In base 12, what is -7bb10 - -2?
-7bb0a
In base 10, what is 83004 - -15?
83019
In base 12, what is 8 - 16a36?
-16a2a
In base 6, what is -4 + 45332?
45324
In base 15, what is 2 + -3a72?
-3a70
In base 12, what is -2 + -607b7?
-607b9
In base 3, what is 100222202 - -10?
100222212
In base 7, what is 3335506 - -1?
3335510
In base 15, what is 5 - 19571?
-1956b
In base 3, what is -211021 - 2211?
-221002
In base 15, what is 17 + -125e?
-1247
In base 16, what is 2 - 4913d?
-4913b
In base 7, what is 3353 + 51?
3434
In base 11, what is 155 - 494?
-33a
In base 3, what is -100121201 - 121?
-100122022
In base 15, what is -12d - -1e7c?
1d4e
In base 15, what is d59e3 - -5?
d59e8
In base 2, what is 10010000111111001000 + 1?
10010000111111001001
In base 4, what is -1031020301 - 0?
-1031020301
In base 14, what is -d83 + 170?
-c13
In base 6, what is -235003 + -115?
-235122
In base 9, what is -2635 + -17?
-2653
In base 3, what is -1010100 + -1020?
-1011120
In base 9, what is -247 + -2612?
-2860
In base 11, what is 6756 - 13?
6743
In base 4, what is 3 + 30020023?
30020032
In base 7, what is -2 - -430120?
430115
In base 9, what is 1782662 - 0?
1782662
In base 4, what is 13 + -30001312?
-30001233
In base 10, what is -3 + 591?
588
In base 6, what is 3 - 42254552?
-42254545
In base 6, what is -100244424 + 0?
-100244424
In base 7, what is -3 - 125143?
-125146
In base 6, what is -11 - -13102?
13051
In base 11, what is 66 - 17051?
-16a96
In base 13, what is -7a9 + -20?
-7c9
In base 10, what is -1867570 - 3?
-1867573
In base 3, what is 2110221000 - 11?
2110220212
In base 16, what is 4ef + ab?
59a
In base 13, what is -17a62 - 1b?
-17a80
In base 7, what is 50455 + 1?
50456
In base 12, what is 34 - 3635?
-3601
In base 10, what is -12 - -1003?
991
In base 12, what is -1b848a - 4?
-1b8492
In base 6, what is 5 - 232523?
-232514
In base 16, what is 3a - 351?
-317
In base 2, what is 1000100101111110011 + 0?
1000100101111110011
In base 4, what is 103 - 3300210?
-3300101
In base 7, what is 2161 - 23363?
-21202
In base 8, what is -345464 + -5?
-345471
In base 4, what is -3223002 - 20?
-3223022
In base 7, what is 15146322 + 1?
15146323
In base 5, what is -13340 - -40?
-13300
In base 8, what is -15 + -34267?
-34304
In base 5, what is 1012 - -23200?
24212
In base 3, what is -1120011100 - 12?
-1120011112
In base 16, what is -bf78 + -7?
-bf7f
In base 16, what is 83694 - -2?
83696
In base 3, what is 2012001221 + -11?
2012001210
In base 6, what is -2352301 + 50?
-2352211
In base 4, wh